by 5853.
5850
What is the remainder when 897833 is divided by 906?
893
Calculate the remainder when 281290020 is divided by 38.
36
What is the remainder when 44670942 is divided by 4917?
4914
Calculate the remainder when 2747256 is divided by 9989.
281
What is the remainder when 2402360 is divided by 5962?
5636
What is the remainder when 59305 is divided by 659?
654
Calculate the remainder when 2415444 is divided by 181.
180
What is the remainder when 79589193 is divided by 54?
51
What is the remainder when 3587204 is divided by 1195611?
371
What is the remainder when 806148 is divided by 8226?
0
Calculate the remainder when 8652118 is divided by 19486.
334
What is the remainder when 17419999 is divided by 1104?
1087
Calculate the remainder when 5496291 is divided by 289266.
237
What is the remainder when 3602260 is divided by 4?
0
Calculate the remainder when 151926 is divided by 783.
24
Calculate the remainder when 765489 is divided by 6379.
9
What is the remainder when 1574340 is divided by 7028?
68
Calculate the remainder when 1313066 is divided by 437683.
17
Calculate the remainder when 3375265 is divided by 518.
495
Calculate the remainder when 371055 is divided by 185500.
55
What is the remainder when 5363176 is divided by 993?
976
What is the remainder when 3165054 is divided by 421?
397
Calculate the remainder when 3004140 is divided by 1382.
1054
Calculate the remainder when 106707919 is divided by 247009.
31
What is the remainder when 1526874 is divided by 226?
18
What is the remainder when 848609 is divided by 282860?
29
Calculate the remainder when 7225 is divided by 7010.
215
What is the remainder when 63779 is divided by 903?
569
What is the remainder when 31170 is divided by 1146?
228
What is the remainder when 31635 is divided by 31087?
548
What is the remainder when 4145233 is divided by 371?
50
Calculate the remainder when 6493 is divided by 552.
421
Calculate the remainder when 6975024 is divided by 65802.
12
What is the remainder when 3157779 is divided by 3157761?
18
Calculate the remainder when 39064789 is divided by 9766195.
9
Calculate the remainder when 7834795 is divided by 7834685.
110
Calculate the remainder when 261156 is divided by 1140.
96
What is the remainder when 153984 is divided by 927?
102
Calculate the remainder when 5238953 is divided by 34695.
8
Calculate the remainder when 19610272 is divided by 24667.
7
What is the remainder when 100315723 is divided by 68?
15
Calculate the remainder when 18785 is divided by 550.
85
Calculate the remainder when 2363530 is divided by 556.
530
What is the remainder when 440180647 is divided by 204640?
7
What is the remainder when 64405 is divided by 32063?
279
What is the remainder when 924008 is divided by 15931?
10
Calculate the remainder when 3235575 is divided by 535.
430
What is the remainder when 1631979 is divided by 181331?
0
What is the remainder when 27150601 is divided by 4484?
4465
What is the remainder when 13197 is divided by 170?
107
What is the remainder when 14009329 is divided by 1000665?
19
What is the remainder when 1039181 is divided by 475?
356
What is the remainder when 89755691 is divided by 14?
11
What is the remainder when 665769 is divided by 13054?
15
What is the remainder when 10756548 is divided by 89?
8
What is the remainder when 201919 is divided by 147?
88
Calculate the remainder when 61245 is divided by 3060.
45
What is the remainder when 602991 is divided by 49?
46
What is the remainder when 1776712 is divided by 1017?
13
What is the remainder when 113992207 is divided by 284?
3
What is the remainder when 42498 is divided by 1149?
1134
What is the remainder when 21337604 is divided by 41?
15
Calculate the remainder when 594933 is divided by 7146.
1815
Calculate the remainder when 69490041 is divided by 18.
15
What is the remainder when 2646922 is divided by 378127?
33
Calculate the remainder when 596899 is divided by 149006.
875
Calculate the remainder when 34490 is divided by 1157.
937
What is the remainder when 325257800 is divided by 52133?
13
Calculate the remainder when 20422004 is divided by 155.
134
What is the remainder when 1184042 is divided by 98669?
14
Calculate the remainder when 4639320 is divided by 72489.
24
Calculate the remainder when 1164106 is divided by 57.
52
What is the remainder when 158757 is divided by 155502?
3255
Calculate the remainder when 419580 is divided by 207439.
4702
What is the remainder when 17362146 is divided by 43?
36
What is the remainder when 63760 is divided by 442?
112
Calculate the remainder when 3839183 is divided by 4973.
27
What is the remainder when 620043 is divided by 2254?
193
Calculate the remainder when 192124 is divided by 10090.
414
Calculate the remainder when 35461028 is divided by 94.
92
What is the remainder when 6497473 is divided by 590675?
48
Calculate the remainder when 381220 is divided by 282.
238
Calculate the remainder when 204109 is divided by 50394.
2533
Calculate the remainder when 2441260 is divided by 870.
40
Calculate the remainder when 35474 is divided by 17336.
802
What is the remainder when 5271030 is divided by 277?
274
What is the remainder when 6335 is divided by 770?
175
What is the remainder when 10453701 is divided by 193587?
3
Calculate the remainder when 5604748 is divided by 2204.
2180
Calculate the remainder when 947210 is divided by 2787.
2417
Calculate the remainder when 46628998 is divided by 3768.
3766
What is the remainder when 18735047 is divided by 6323?
6321
What is the remainder when 79125 is divided by 19486?
1181
Calculate the remainder when 339659 is divided by 1838.
1467
Calculate the remainder when 19618408 is divided by 225.
208
Calculate the remainder when 1659293 is divided by 381.
38
What is the remainder when 20571066 is divided by 1038?
1020
Calculate the remainder when 27318 is divided by 27038.
280
Calculate the remainder when 7634113 is divided by 3817052.
9
What is the remainder when 574813 is divided by 23?
20
Calculate the remainder when 251828 is divided by 49417.
4743
Calculate the remainder when 75139133 is divided by 16.
13
Calculate the remainder when 600817 is divided by 361.
113
Calculate the remainder when 37627602 is divided by 11814.
12
What is the remainder when 3631 is divided by 140?
131
What is the remainder when 18032700 is divided by 1803270?
0
Calculate the remainder when 430671 is divided by 228.
207
Calculate the remainder when 225919 is divided by 1208.
23
What is the remainder when 38992 is divided by 38094?
898
What is the remainder when 1335956 is divided by 89063?
11
What is the remainder when 46728015 is divided by 34?
13
Calculate the remainder when 90722 is divided by 1848.
170
Calculate the remainder when 2396431 is divided by 27.
19
Calculate the remainder when 1908306 is divided by 68153.
22
What is the remainder when 34047 is divided by 33497?
550
Calculate the remainder when 71984934 is divided by 8.
6
Calculate the remainder when 2587149 is divided by 199011.
6
What is the remainder when 13464565 is divided by 12?
1
Calculate the remainder when 11594492 is divided by 445941.
26
Calculate the remainder when 254635 is divided by 50863.
320
Calculate the remainder when 52877 is divided by 10525.
252
Calculate the remainder when 167096 is divided by 348.
56
What is the remainder when 1325492 is divided by 28815?
2
Calculate the remainder when 29552636 is divided by 71556.
8
What is the remainder when 16568399 is divided by 3863?
3855
Calculate the remainder when 753150 is divided by 815.
90
Calculate the remainder when 10977592 is divided by 1009.
681
Calculate the remainder when 182980 is divided by 182276.
704
Calculate the remainder when 23466830 is divided by 4117.
4047
Calculate the remainder when 46406362 is divided by 313556.
74
Calculate the remainder when 2331473 is divided by 233147.
3
What is the remainder when 94637725 is divided by 2562?
7
What is the remainder when 64880867 is divided by 19896?
11
What is the remainder when 48500 is divided by 221?
101
What is the remainder when 221761 is divided by 234?
163
Calculate the remainder when 104575 is divided by 2323.
40
What is the remainder when 46753293 is divided by 184068?
21
What is the remainder when 120001 is divided by 24?